).
122
Calculate 14 + 7 + -17 + -2 - -12 - 16.
-2
What is the value of 18 + 2 + (22 - -87) + -216?
-87
What is 10 + -75 + 24 + 26 + -1 + -13?
-29
What is -55 + 26 + 27 + 35?
33
Evaluate 6 - ((8 - -6) + 0 + -2) - 75.
-81
What is the value of -8 - (-3 - (5 - -9) - -14)?
-5
Evaluate 0 - -10 - (-124 - -74 - -60).
0
(-7 + -106 - 16) + (178 - 139)
-90
What is -61 - -1 - (-1166 + 1197)?
-91
What is the value of (108 - 2) + 203 + -226 + -10?
73
What is the value of 21 + (-86 - (91 - 233))?
77
What is the value of (0 - (14 + -2)) + (-14 - (-8 - -2))?
-20
Evaluate (3 - 10) + -10 + 9 - (-18 - -36).
-26
What is -460 + 490 + (-36 - 3)?
-9
Evaluate 11 - -1 - (16 + (-31 - -24)) - -5.
8
(-15 - 13) + -3 + (-31 - -8)
-54
What is 35 - (-42 + 105) - -66?
38
Calculate -10 + (14 - 12) - (-2 - -27).
-33
Evaluate 53 - (19 + -4 + 2 + -31).
67
What is 385 + -408 - (-13 - 2) - 14?
-22
Calculate -28 + (-1 - 28) + -859 + 951.
35
18 + (-25 + 4 - 10) + (-12 - (-2 - 0))
-23
-1 + -2 - (-7 - -6) - (-64 - (2 - 4))
60
-78 - (-32 - (4 + -18) - 15 - -18)
-63
What is 38 + -9 + 6 + -6 + -10?
19
What is (8 - (8 - (1 - -1))) + (-13 - (2 - -43))?
-56
Calculate (-56 + 37 - (-77 + 39)) + -59.
-40
What is 19 - ((-254 - -232) + -89 + 1 + 1)?
128
Calculate -228 - (-221 + -15) - (0 - 1 - -29).
-20
Evaluate 31 + -217 + 72 + 21.
-93
Calculate (88 - 132) + 14 - -144.
114
Calculate (314 - 466) + -59 + 125.
-86
Evaluate 4 + (2 - 1 - 12) + (36 - (-10 + 46)).
-7
What is (-2 - -3) + -19 - (-21 - (7 - 17))?
-7
22 + -2 + (15 - (-12 - -12) - -2)
37
12 - (2 + 50 + (-1618 - -1583))
-5
What is 15 - (44 - (-27 - -21))?
-35
Calculate 79 - (189 + (46 - 83)).
-73
What is -51 + (44 - -49) - (2 - 7) - (0 + 8)?
39
Evaluate 14 - (77 - (-16 + 56)).
-23
Evaluate 77 + 1 + -2641 + 2600.
37
What is the value of -1 - -59 - (-2034 - -2051)?
41
What is 18 + -13 - (-2 + -40 + 38 + (-14 - 14))?
37
(18 - (11 + 9 + 15)) + (2 - 52)
-67
What is -919 + 751 - (5 + -129)?
-44
What is the value of (86 - 10) + -79 - -64?
61
Evaluate 19 - (-7 + 38) - (-9 + -87).
84
Calculate 24 + (-21 - (-16 - -41 - -41)).
-63
-7 + 6 + -12 + 6 - -31
24
What is -11 - (-15 - 2) - 15 - (-9 - 18)?
18
Evaluate 73 - (-17 - ((0 - 17) + 17) - -20).
70
-7 - (2 + -20 + 1 + (24 + 44 - 62))
4
-9 - -1 - (-9 + (-39 - (26 + -77)))
-11
What is 20 - ((-39 - 1) + 0 + -1341 + 1339)?
62
Calculate -1 + 5 - (-5 - (6 - 0 - (17 + -8))).
6
What is the value of (12 - -32) + 0 + 2 + (-3 - 6)?
37
-18 + -2 + -473 + 465
-28
Evaluate 144 + 15 + (-73 - -41) + -11.
116
Evaluate 23 + 0 + (6 - 13) + 3.
19
What is the value of (12 + 10 - 4 - 18) + (-1 - 9) - -14?
4
Evaluate (1 + 2 - (12 + -7)) + 40 + (132 - 122).
48
-4 + -1 + (-9 - 40 - -29)
-25
Evaluate 283 + -323 - (-2 + -30) - -97.
89
Evaluate 4 + (-12 - (-1 + 6 + -5)) - -18.
10
Calculate -1 - -2 - (32 + 52 - 55).
-28
What is -212 + 274 + -1 + 3 + -1 + -14?
49
What is 306 + -355 - (4 + -19)?
-34
(16 - (-19 + 20 - (-3 - -13))) + (1 - 1)
25
What is the value of 2 + -3 - (-1 + (-19 - -10 - -7) - -55)?
-53
Calculate (-2 - (0 + 0)) + (63 + -60 - (60 - 8)).
-51
Calculate 101 + (-1 - 11) + (-22 + 4 - -21) + 7.
99
Calculate (19 + -3 - (31 - -19)) + (3 - 2 - 8).
-41
4 + (6 - (29 - 52)) + 6
39
What is the value of -1 - (-10 + -3 - ((15 - 9) + 8))?
26
Calculate -28 + 0 + 25517 + -25429.
60
Evaluate (-248 - -283) + 2 + 3.
40
What is the value of 0 - -10 - ((-96 - -137) + -28)?
-3
What is 69 + -71 + 45 - (4 + -3 + 3)?
39
What is 0 + -22 + (107 - (-145 + 269))?
-39
What is the value of -6 + (0 + -9 - (-143 - -127)) + -16?
-15
What is the value of (104 - 178) + 9 + 59?
-6
Calculate 4 + (-17 + 25 - 43) + -58.
-89
Evaluate (19 + 0 - (66 - (25 - -19))) + -17.
-20
What is the value of (409 - 382) + 5 + 1 - (-14 - -2)?
45
What is the value of 30 + 35 + -226 + -24 + 61?
-124
What is the value of 14 - (-77 + (-15 - -13) + 15)?
78
Calculate (61 - 3) + 6 + -43 - 27.
-6
Evaluate -75 - -1 - ((-721 - -726) + (9 - 1) - 13).
-74
Calculate (47 - 41) + 17 - 12.
11
Calculate -63 - (48 - (54 + 53)).
-4
What is 24 - (5 - (112 - 66))?
65
What is the value of -230 - -4 - -85 - -264?
123
Calculate -44 + 10 - ((61 - 83) + 62).
-74
(30 - 37) + (29 - 24 - 28)
-30
Calculate 0 + 4 - ((11 - 1) + -6 + 14).
-14
Calculate -29 + (15 - (16 - -12)) + -25.
-67
What is 13 + -4 + -13 + (20 - (9 - 5))?
12
Evaluate -8 + (6 + 2 - (8 - 7)) + -40.
-41
What is the value of -38 - -89 - (228 - 219)?
42
(120 - 99) + 62 + -215
-132
What is 45 - ((3 - 13) + (-29 - (12 + -44)))?
52
Evaluate -113 - (-65 - 23) - (0 + 0 - 129).
104
Evaluate 119 + -127 + 187 + -117.
62
What is 123 + (-6 - (-25 + -1 + (624 - 604)))?
123
Evaluate (30 - 0) + (43 - (51 + -51)).
73
What is the value of -8 + (1 - (12 + -11)) + -11 - -9 - 42?
-52
What is the value of 1465 + -1353 + -2 + 3 + 30?
143
-3 + 96 + -9 + -6 + 14 + (23 - 30)
85
-5 + 0 + 55 + -6 + 10
54
Evaluate -4 + ((-151 - -79) + -4 + 2 - -10).
-68
What is -149 + (50 - -82) - (58 + -3 + 1)?
-73
(-55 - -32) + -16 + 54
15
What is the value of (29 - 3 - (-36 - -45)) + 15?
32
What is (1 - 63) + (26 - (31 + (-47 - -30)))?
-50
What is the value of -28 - -30 - (41 + -14) - -10?
-15
What is the value of 4 + (9 - 47) - -17?
-17
Calculate -2 - (12 + -9 + -22 + 1) - 33.
-17
What is the value of 79 + (-9 - 2) + (-225 - -209)?
52
What is 5 + -9 + 15 + (-6 - -13)?
18
-12 + (-5 - 9) + (9 - 16) + -3
-36
Calculate (-1 - -8 - (547 + -528)) + -21.
-33
Calculate 14 + 0 - 29 - (-10 + 8 - 95).
82
What is 5 + (9 - (4 + (-2 - -12))) + -38?
-38
4 + -3 - (30 + -80 + 42)
9
Calculate 21 + (-122 - (-37 + 16 - -24)).
-104
What is the value of 180 + -129 + -57 - (-2 - (-36 - 0))?
-40
What is -65 + 11 + 54 - (-19 - 125)?
144
Calculate (5 - -9 - -7) + (-8 - (4 + 54)).
-45
Calculate -37 - -60 - (-28 + 14 - 0).
37
What is the value of -11 + 1 - (25 - (16 + (-15 - -1) + -14))?
-47
What is (66 - 147 - -77) + (-17 - -1)?
-20
What is the value of (-4 - (65 + -124)) + ((-4 - -2) + -1 - -11)?
63
What is -2 + (-3 - 3) + (-15 - -7) + 7 - -82?
73
What is -217 + 210 - ((3 + 1 - -8) + -6 + 4)?
-17
193 + (-96 - 2) - 58
37
Evaluate 12 + (-12 - (-29 + 11) - 7) + 13.
24
Evaluate (-50 - -140) + -95 + 26.
21
60 + (-44 - -19) - (0 + -8 + 4)
39
What is the value of -144 + 38 + -26 - (2 + -37)?
-97
What is (-71 - -30) + 42 + 32 + -27?
6
Evaluate 0 + 3 - (22 - -1) - (75 + -10 + -69).
-16
Evaluate 49 - (4 - 2) - (5 - 5 - (234 - 240)).
41
Calculate 37 + -23 - (-23 + 20 + 0).
17
What is the value of 140 + -187 - (5 + -42)?
-10
Calculate -55 + 18 + -10 + -4 + 12 + -9.
-48
Calculate (14 - (33 + 21 + -42)) + 54.
56
What is the value of 17 - 32 - (-4 + 2) - (-3 + 2 + -36)?
24
What is the value of -55 + (35 - (-7 - -25) - 22)?
-60
What is the value of -35 + (-89 - -41) + 20 + 15?
-48
Evaluate (2 - -62) + (1 - (-2 + 5) - 5) + -11.
46
Evaluate -140 + 157 + (-61 + -3 + -3 - -1).
-49
Calculate 67 + 10 - 6 - 57.
14
What is ((14 - (-1 - 2)) + -8 - 12) + -97?
-100
Calculate -9 - ((92 - 56) + (-1 - 10) - -6).
-40
Evaluate 2 + -38 + 1 - (-20 + (-29 - -76) - 33).
-29
Calculate -77 - (22 + -139 - -77).
-37
What is the value of (8 + -26 - -9 - (9 + -5)) + -83?
-96
What is the value of 36 + 0 - (-21 + 13 + 55 - 34 - 4)?
27
49 - (-283 + 192) - (2 + 4 + -1)
135
Calculate -5 - 131 - ((-22 - 28) + 31).
-117
What is -20 + -6 + 5 + 10 + 7 + -5?
-9
What is 77 + (7 - (1 - -20)) + -15?
48
What is -17 - (-8 + 2 + -287 + 315)?
-39
What is -10 + (22 - ((-39 - -62) + -14 + 0))?
3
-194 - -143 - 86 - -25
-112
Evaluate (11 - 36 - -14) + 61.
50
What is the value of -57 - (-28 - (-162 - -76))?
-115
-53 - (0 - 13 - (-8 + 62 + -55))
-41
What is 11 - 1 - (-86 + (-48 - -96) + 118)?
-70
What is 5 + 8 + -3 + -23?
-13
What is the value of 55 + 1 - (4 - (-12 + 19 + -15))?
44
What is the value of -124 + 145 + (-3 - -1) - -44?
63
7 - (-20 - (20 - (-7 + 13)))
41
What is the value of 31 - 12 - (5 + -9)?
23
What is 126 + (-9 - (98 - 25))?
44
What is -12 - ((-196 - -42) + 101)?
41
28 - (-31 - -82 - (-21 - 7))
-51
Evaluate -7 - -29 - 24 - (22 + -1 + -1).
-22
Evaluate (9 - (36 + -13)) + (-39 - 7).
-60
Calculate 4 + 6 + -6 + (-58 - -19) + 9.
-26
-7 - (22 + 4) - (1 + -25) - (2 + 4)
-15
What is the value of -1 + 176 + (-102 - -19)?
92
What is 41 + -38 + -47 - -94?
50
Evaluate -34 - ((31 - 22) + -34) - (11 + 0).
-20
What is the value of 41 - (37 - (-29 + 66))?
41
Calcul